1 (base 7) to base 12.
311341
What is -2022333013 (base 4) in base 5?
-121204122
-404405 (base 9) to base 10
-239441
100010101011110000101010 (base 2) to base 14
12c9666
-36213670 (base 8) to base 15
-a6b5bd
What is -371427 (base 9) in base 5?
-24133102
133413204 (base 5) to base 2
10100111010101110101
What is 3143a (base 12) in base 4?
33300232
Convert 114333120 (base 6) to base 9.
4073253
-2100021022201 (base 3) to base 8
-4600267
1184803 (base 9) to base 2
10011101110110010001
Convert 100022203001 (base 4) to base 6.
230454025
22012201002202 (base 3) to base 11
2510703
What is -369237 (base 10) in base 8?
-1321125
What is -9b0a97 (base 15) in base 16?
-70d16a
What is 11010101101011111110111 (base 2) in base 3?
111011202002011
11c172 (base 14) to base 16
94cb8
What is -140564 (base 8) in base 12?
-247b0
Convert 11021220022020 (base 3) to base 7.
25250625
-32255262 (base 7) to base 9
-5155856
What is 6269971 (base 10) in base 13?
13b6b56
Convert -40056243 (base 7) to base 3.
-20020002020000
22050055 (base 6) to base 4
2201003303
-1719925 (base 10) to base 5
-420014200
Convert -321313323221 (base 4) to base 12.
-50b7835
5726576 (base 8) to base 16
17ad7e
Convert -20121201012 (base 3) to base 4.
-133303220
Convert -1392b72 (base 13) to base 10.
-6204083
Convert 563851 (base 14) to base 2.
1011001011001101001111
What is 31312230 (base 5) in base 11?
168640
-10120002221 (base 3) to base 8
-210657
What is 475257 (base 11) in base 9?
1367728
Convert -93144 (base 12) to base 4.
-232320010
What is 10000100110010000000111 (base 2) in base 11?
2501a5a
Convert -146193 (base 10) to base 14.
-3b3c5
What is -48541 (base 10) in base 14?
-13993
What is 1c4e3 (base 16) in base 14?
30375
1332132311 (base 4) to base 5
113034234
What is -478b16 (base 13) in base 2?
-110100000001001101001
-52fc3 (base 16) to base 6
-11141351
22002011033 (base 4) to base 14
4c662b
-14a15a7 (base 13) to base 4
-121023201002
Convert -2144121 (base 6) to base 15.
-21b5a
Convert -487535 (base 10) to base 2.
-1110111000001101111
-101100100010001101111 (base 2) to base 9
-2663716
-fdf8 (base 16) to base 15
-143e6
What is 11001101011000110001 (base 2) in base 7?
10102445
What is 2193339 (base 10) in base 13?
5ba445
-128801 (base 9) to base 16
-1333c
Convert 156951 (base 10) to base 12.
769b3
What is -2192ef (base 16) in base 15?
-2d6e1d
357344 (base 9) to base 10
215338
Convert 3176307 (base 8) to base 10.
851143
What is 3a879 (base 12) in base 9?
132663
What is -9606966 (base 10) in base 12?
-3273706
201525501 (base 7) to base 11
6697a74
What is 12122220121000 (base 3) in base 2?
1011011110110011010000
What is 100022110002 (base 3) in base 5?
21331210
13265147 (base 9) to base 12
2233a51
Convert 1011002212 (base 3) to base 6.
252552
-295471 (base 12) to base 16
-a9555
What is -476516 (base 8) in base 6?
-3255154
6ec08 (base 15) to base 2
1010110010110101100
What is -50540005 (base 6) in base 13?
-3b71b8
Convert 467776 (base 11) to base 5.
142223142
Convert 356428 (base 12) to base 13.
241c76
-425ae (base 16) to base 13
-9692c
Convert 510640 (base 10) to base 14.
d4144
300564 (base 10) to base 6
10235300
221221202100 (base 3) to base 10
510849
-1111430410 (base 5) to base 10
-2451980
What is 1121235 (base 7) in base 8?
420715
-505ad0 (base 14) to base 7
-31664150
Convert 111101110100100101010111 (base 2) to base 6.
1335204315
Convert 143552 (base 13) to base 10.
493040
Convert -3fb2d (base 16) to base 5.
-31322114
100122001 (base 5) to base 15
7c1a1
What is 4dc31 (base 14) in base 9?
322004
304058 (base 9) to base 2
101011111110010100
Convert 641501 (base 7) to base 2.
11011000110111011
What is -134142201 (base 5) in base 10?
-693426
33468 (base 13) to base 16
16b6c
Convert 714a67 (base 11) to base 6.
40341341
What is 23443412 (base 5) in base 8?
652757
Convert -33431202 (base 5) to base 4.
-1020031322
What is -14709a (base 12) in base 14?
-8d50a
202112313103 (base 4) to base 16
896dd3
598a (base 12) to base 7
41164
What is 248411 (base 9) in base 16?
24bec
10013130011 (base 4) to base 10
1079045
-43f5 (base 16) to base 11
-12086
What is 13401633 (base 9) in base 10?
6614733
What is 227944 (base 10) in base 7?
1636363
-1100001111010010100 (base 2) to base 10
-401044
Convert -2c2786 (base 16) to base 10.
-2893702
-1135000 (base 8) to base 5
-34403020
What is -1650402 (base 8) in base 16?
-75102
What is 5760237 (base 8) in base 3?
2221111112201
What is 14145121 (base 8) in base 9?
6013151
168baa (base 16) to base 13
3c96b5
Convert 110001111000101 (base 2) to base 13.
b819
What is 312330232 (base 4) in base 12?
aa2ba
Convert 8783753 (base 10) to base 13.
1a870b4
Convert 440401 (base 8) to base 3.
21111121212
31404 (base 13) to base 7
516123
Convert -200011140 (base 5) to base 8.
-2767335
201431325 (base 6) to base 12
119b545
1c1cc1 (base 14) to base 12
405095
Convert -100300114 (base 5) to base 7.
-3254165
Convert -859061 (base 11) to base 13.
-391321
What is -1001144311 (base 5) in base 10?
-1974956
What is 78015 (base 11) in base 16?
1b9ff
What is -24237 (base 9) in base 6?
-203054
-4dec05 (base 16) to base 7
-61256214
What is -2287851 (base 9) in base 2?
-100101110100011100001
Convert -35273 (base 12) to base 2.
-10001011000110111
What is -13ff9 (base 16) in base 8?
-237771
Convert -425640 (base 8) to base 15.
-2c22a
-121445 (base 6) to base 10
-10757
Convert -6994b (base 12) to base 5.
-14010243
Convert -28a9a61 (base 11) to base 16.
-4c28dc
-22211110112 (base 3) to base 13
-61184
-664436 (base 9) to base 15
-7c923
Convert -5281775 (base 10) to base 14.
-9b6bb9
Convert 769d9 (base 15) to base 7.
3126462
-411884 (base 9) to base 8
-734762
Convert 4cb8a (base 13) to base 16.
22cf5
Convert 10101111110101110100110 (base 2) to base 13.
1269857
-1db819 (base 16) to base 14
-389b17
Convert 1140491 (base 12) to base 16.
32a2ad
Convert 912530 (base 10) to base 14.
19a7aa
What is 43043 (base 8) in base 13?
8232
What is -5501530 (base 7) in base 10?
-672889
Convert 320443034 (base 6) to base 8.
25377136
Convert 63514 (base 10) to base 7.
353113
What is 90226 (base 15) in base 5?
104043421
Convert -2305015 (base 6) to base 5.
-12231411
Convert 35d4f (base 16) to base 11.
140730
1222201102202 (base 3) to base 10
1057367
Convert -2110022211 (base 5) to base 11.
-251a198
488752 (base 12) to base 8
4371056
-322311221 (base 4) to base 10
-241001
Convert 2754434 (base 10) to base 15.
3961de
Convert 1121324 (base 7) to base 8.
420766
Convert 12414702 (base 8) to base 15.
3977a6
783a5 (base 11) to base 6
2233553
-1220112120 (base 3) to base 2
-1001001011000100
What is -31301030 (base 5) in base 14?
-6a80b
-5268629 (base 11) to base 7
-141604640
What is 33020122 (base 4) in base 8?
171032
Convert -22353651 (base 7) to base 8.
-7331071
Convert -3160 (base 14) to base 12.
-4b14
What is 200002123 (base 5) in base 7?
6433352
What is 10201210011 (base 3) in base 9?
121704
15a2969 (base 11) to base 9
5115727
Convert -31c2c (base 14) to base 13.
-42a44
Convert -5584 (base 11) to base 12.
-4308
Convert -21212212222021 (base 3) to base 9.
-7785867
What is -456618 (base 11) in base 12?
-2b0278
What is 10784201 (base 9) in base 5?
2321030004
-2409a (base 13) to base 15
-14877
What is a40399 (base 13) in base 9?
7173678
What is 310201310 (base 4) in base 3?
101221010202
127304 (base 14) to base 4
2122321120
-480458 (base 12) to base 2
-100011011101010000100
134342223 (base 5) to base 6
22555144
-50076 (base 12) to base 14
-29b62
Convert 2031222310 (base 4) to base 14.
111684
Convert 1205516 (base 7) to base 9.
253172
What is 3333110012 (base 4) in base 15?
159ccb
Convert 5142128 (base 9) to base 7.
32216120
Convert -3b8a (base 15) to base 10.
-12730
What is 7a7a0 (base 12) in base 6?
3301120
What is 121122221120120 (base 3) in base 6?
513453240
What is 11cd448 (base 14) in base 8?
40530210
What is -214244 (base 6) in base 11?
-12423
-157aa59 (base 14) to base 8
-50075067
24932 (base 11) to base 10
35730
Convert 70e4d (base 16) to base 11.
296466
Convert 10464030 (base 7) to base 11.
56a135
What is -9c0797 (base 15) in base 3?
-112000011200121
2e44cc (base 16) to base 5
1234013033
What is 9c3d43 (base 14) in base 5?
2324442442
Convert -24313244 (base 5) to base 4.
-313331033
-1a28a42 (base 13) to base 15
-b52e21
-1